 -4*y = 3*d + w, y - d = -3*y - 19. Let a(c) = -3*c - 1. Give a(y).
11
Let f(j) = -j**3 + 4*j**2 + 8*j - 22. Let c = 666 + -661. Determine f(c).
-7
Let v(z) = -z**2 + 48*z - 50. Let b be v(47). Let s(u) = -5*u - 5. Determine s(b).
10
Let y(r) be the second derivative of r**5/20 - r**4/6 - 7*r**3/2 + 3*r**2/2 - 2223*r. What is y(-4)?
-9
Let p(m) = 7*m - 10. Let f(x) = 6*x**2 - 4. Let v be f(2). Suppose -j = -b + 1, -j - 16*b + v*b = 16. Calculate p(j).
18
Let w(a) be the first derivative of -15*a**4/2 + 5*a**3/3 - 4*a**2 + 2*a + 3805. Determine w(1).
-31
Let p(v) = 4*v + 0*v - 3 + 3*v - 3*v. Suppose -18*x - 3*r = -16*x + 12, -5*r = 20. Let a be x - -1 - (-14 + 12). Calculate p(a).
9
Suppose 30*s = 9*s + 45*s + 144. Let u(t) = 13*t - 25. Determine u(s).
-103
Let c = -19 + 4. Let o(n) be the first derivative of -n**2 - 22*n - 2363. Calculate o(c).
8
Suppose 3*p = -4*t + 74, 0 = -3*p - 4*t - t + 79. Let n = p + -18. Let d(z) = 17*z + n - z**2 - 10*z + 2. Give d(7).
2
Let i(z) = 8*z**2 + 4*z + 1. Let v(p) = 2*p**2 + p. Let d(t) = 2*t**2 - 14*t - 10. Let g be d(8). Let q(u) = g*v(u) - 2*i(u). Determine q(-2).
-14
Let l(j) = 268*j - 553*j + 286*j - 4. Let u = 4 - 5. Let i = 8 + u. Determine l(i).
3
Let u(h) = 2*h**3 + 3*h**2 - 5*h - 3. Suppose 17*f - 12*f - 20 = 0. Suppose 3*c + 5 = -f*o, -12 = c + 2*c - 3*o. Calculate u(c).
-15
Let c be 4/(-3)*(-26235)/1060. Let r(g) = -g - 24. Calculate r(c).
-57
Let b(n) = n**2 + 298*n + 1735. Let t be b(-6). Let g(d) = d**2 + 23*d + 47. Calculate g(t).
-55
Let s(d) = 7*d**3 - 1 - d - 2*d**3 - 7*d**2 - 4*d**3 + 0. Let p(u) = 3 - 37 + 36*u - 31*u + 6. Let m be p(7). What is s(m)?
-8
Let x(n) = 1071 - 2*n - 7*n - 1137. What is x(-9)?
15
Let g be (-8)/(-3) + (-2)/(-6). Let o(k) = 0*k**3 - k**3 - 16 + g*k + 10*k**2 + 9*k. Let c be ((-726)/(-33))/(4/2). Give o(c).
-5
Let y(v) be the first derivative of v**4/4 + 3*v**3 + 26*v - 4501. Determine y(-9).
26
Let x(a) = a**3 - 8*a**2 - 3*a - 10. Let t(d) = -d**3 + 9*d**2 + 2*d + 10. Let n(v) = -2*t(v) - 3*x(v). Let l be (11/(-3 + 2) + 4)/(-1). Calculate n(l).
-4
Let r(w) be the third derivative of -w**6/120 - 7*w**5/20 + w**4/24 + 7*w**3/2 + 1558*w**2 - 2. Calculate r(-21).
0
Suppose 0 = -4*d - 16, -4*n - 5 = 4*d + 3. Let q(m) = m**3 + 85*m + 12*m**n - 144*m + 70*m. Determine q(-11).
0
Let f(m) = 7*m**2 + 3*m + 12. Let k(h) = 3*h**2 + 2*h + 6. Suppose 0 = n - 8 + 3. Let o(y) = n*k(y) - 2*f(y). Let u be (1*(0 + 1))/((-1)/4). Give o(u).
6
Let f(j) = 34 - 3 - 6*j + 65 + 2. Calculate f(17).
-4
Let k = -2973 - -2972. Let s(x) = -2*x - 7. Determine s(k).
-5
Let i(q) be the third derivative of -q**6/120 + q**5/15 + 3*q**4/8 - 2*q**3 + 2696*q**2. What is i(5)?
8
Suppose -78 = -34*j + 28*j. Suppose -j = -6*g - 1. Let t(l) be the third derivative of l**5/20 - l**4/12 - l**3/6 - l**2. What is t(g)?
7
Let k(m) = -m**3 - 8*m**2 - 8*m - 3. Let d = -24 - -3. Let v be (28/d)/((-4)/186). Suppose 5*n - 23 + v = 2*a, -3*a + 34 = -4*n. Determine k(n).
4
Let o = -347 + 543. Suppose 0 = -4*g - 3*g - o. Let b be ((-6)/28*-4)/((-6)/g). Let d(t) = t - 5. What is d(b)?
-1
Let h(a) = -3187 + 8*a - a**2 + 2*a**2 + 3189. Suppose -4*p = -3*p + 8. Determine h(p).
2
Let d = -5839 + 5844. Let r(m) be the first derivative of -4*m**3 + 6 - d*m + 11/2*m**2 + 1/4*m**4. Determine r(11).
-5
Let u(t) = -t + 13. Let v(o) = 12*o. Suppose -5 = -6*r + 1. Let x be v(r). Let q be ((-9)/(-1))/(x/12). What is u(q)?
4
Let j(v) = 16*v - 55. Let u be j(4). Let o(n) be the third derivative of -n**4/12 + 7*n**3/3 - 665*n**2. Calculate o(u).
-4
Let h(x) be the second derivative of x**3/6 - 9*x**2/2 - 53*x. Suppose -150 = -3*o - 123. Give h(o).
0
Let h(f) = -25 + 2*f**2 + 40*f + 29 + 88 - 10 + 49. Calculate h(-16).
3
Let d(v) = -5*v + 12. Let l(c) = -4*c + 11. Let n = -32 - -26. Let s(j) = n*d(j) + 7*l(j). Let h = 34 - 39. Give s(h).
-5
Let x(l) = l**3 + 46*l**2 + 43*l - 81. Suppose -3*y + 5*f - 155 = 0, 3*y + 110*f - 105*f + 115 = 0. Calculate x(y).
9
Let a(v) = -5*v**2 + 53*v + 25. Let p be a(11). Let l(g) = 6*g - 2 + 219*g**p + 225*g**3 + 4*g**2 - 445*g**3. Let s be (-2 - 5/(-2))*10. Determine l(s).
3
Let t be (-637)/(-147) - (-2)/(-6). Let w(x) = -6*x + t*x + 15 - 11. Calculate w(-2).
8
Let l(i) = -8*i**3 - 14*i**2 + 15*i. Let q(b) = -7*b**3 - 13*b**2 + 13*b + 1. Let h(f) = -6*l(f) + 7*q(f). Calculate h(-6).
-35
Let h be 18/10 + (-360)/(-50) + -7. Let n(l) = -5*l + 39 - 37 - 4*l. Calculate n(h).
-16
Let d = -40 + 44. Suppose -2*s - 3*v - 11 = 0, 15 + 3 = -s - d*v. Let r(h) = -h**s + 34 - 62 - 6*h + 2*h**2 + 34. Calculate r(5).
1
Let r(x) be the second derivative of -2*x**3/3 + 18*x**2 + 1384*x. Give r(5).
16
Let t(x) = x**3 - 2*x**2 - 3*x + 2. Let d be t(3). Let k(g) = 2*g**2 + d + 4*g - 1 + 0*g**2 - 7*g. Let u be k(1). Let z(f) = -f**3 + f**2. Calculate z(u).
0
Let c(h) = -28*h**2 - 27*h - 11. Let n(g) = -37*g + 76*g - 52*g - 13*g**2 - 6. Let t(k) = 6*c(k) - 13*n(k). Give t(-5).
2
Let v(b) = 2443 + 7*b**2 - b**3 + 2*b - 2389 + 0*b**2. What is v(8)?
6
Let w(c) = c**3 - 3*c**2 - 3*c + 4. Let b be (-13)/((-52)/(-16)) + 15*3. Let g = -38 + b. Give w(g).
-5
Suppose 0 = -4*l + 39*l - 245. Let a(j) = -66*j + l + 32*j - 21 + 36*j. Give a(9).
4
Let n = -216 + 221. Let a(y) = -20*y**2 + 38*y - 12. Let o = 37 - 20. Let p(z) = 7*z**2 - 13*z + 4. Let x(c) = o*p(c) + 6*a(c). Give x(n).
6
Let p(k) = 11*k**2 + 23*k + 39. Let m(g) = 7*g**2 + 16*g + 26. Let v(i) = 8*m(i) - 5*p(i). Give v(-3).
-17
Let p(n) be the first derivative of -n**4/24 + 7*n**3/3 - 2*n**2 + n + 69. Let h(t) be the second derivative of p(t). Calculate h(9).
5
Let w(i) = i. Let p be (0 + 25)*(-54)/45. Let a be ((-280)/p)/(2/(-6)). Let g(f) = -f**3 - 29*f**2 - 26*f + 52. Let t be g(a). Determine w(t).
-4
Let n(b) = 3*b + 32. Suppose 0 = -3*p - 11*p - 10*p - 168. What is n(p)?
11
Let s(q) = 11*q - 17. Let r be -60 + 60 + -1*1. Let p(k) = -4*k. Let w(t) = r*s(t) - 3*p(t). What is w(-10)?
7
Let x(a) be the third derivative of -a**7/2520 - a**6/240 - 7*a**5/120 - 17*a**4/3 + 76*a**2. Let n(y) be the second derivative of x(y). What is n(-3)?
-7
Let i(z) = -z**2 + 2*z - 3. Let q(k) = k**2 + 13*k + 29. Let h be q(-12). Let d = -13 + h. Calculate i(d).
-11
Let h(c) be the third derivative of -1/6*c**3 - 1/60*c**5 + 0 - 5*c**2 - 1/8*c**4 + 0*c. Let f be 4 - (-18)/(3/(-1)). Determine h(f).
1
Let h(u) = -u**2 - 4*u + 7. Let r(j) = -8*j**2 - 26*j + 48. Let n(x) = 15*h(x) - 2*r(x). What is n(4)?
-7
Let p(i) = i**2 + 68*i - 439. Let a be p(6). Let d(x) = -2*x - 8. What is d(a)?
-18
Suppose -n = y - 4, 3*y + 4*n - 11 - 1 = 0. Let b = y + -9. Let l(j) be the third derivative of -j**5/60 - 5*j**4/24 - j**3 - 39*j**2 - 5. Determine l(b).
-6
Let b(r) be the third derivative of -5*r**4/12 - 25*r**3/2 - 2*r**2 + 576. Determine b(-7).
-5
Let i(w) be the third derivative of -14*w**2 - 1/60*w**6 + 0*w**3 - 2 + 1/6*w**4 + 0*w - 1/20*w**5. Let q = 35 + -38. Calculate i(q).
15
Let d(f) = 8364*f**3 - 10*f**2 + 8*f - 142 - 8365*f**3 + 25*f**2. What is d(15)?
-22
Let z(a) be the third derivative of 17*a**4/24 - 50*a**3/3 + 36*a**2 + 2*a. Let d be z(6). Let y(v) = -v**3 - v**2 + v + 1. Calculate y(d).
-9
Let t be 40/(10560/3384) + 1/(-11)*-2. Let p(o) be the second derivative of 0 + 1/3*o**3 + t*o - 4*o**2. What is p(6)?
4
Let k(u) be the second derivative of u**6/120 - 4*u**5/15 + 5*u**4/8 + 5*u**3/6 + 50*u**2 - 8*u + 5. Let t(h) be the first derivative of k(h). Give t(15).
5
Let r(v) = 2*v - 39. Let d = 975 + -957. What is r(d)?
-3
Let d(t) be the first derivative of -3*t + 99 + 1/3*t**3 - 3/2*t**2. Determine d(6).
15
Suppose -17*h = -5*s - 14*h + 132, 60 = 2*s - 3*h. Let v(d) = d**3 - 22*d**2 - 48*d - 24. Determine v(s).
-24
Let k(y) = y**2 - 7*y - 11. Let z(u) = 3*u**2 - 5*u - 15. Let i be z(4). Suppose 26 = -i*w + 130. What is k(w)?
-3
Let w(b) be the first derivative of 27*b**2/2 + b + 2621. Give w(1).
28
Let c(s) = 4*s + 13. Let z(t) = t. Let v(b) = c(b) - 6*z(b). Let n = 975 + -971. Calculate v(n).
5
Let s be (4/7)/((-23)/(-7) - 3). Let v = -8 + s. Let l(h) = h**3 + 6*h**2 + 6. Give l(v).
6
Let v(c) = 25*c**2 + 13*c - 168. Let d(m) = 9*m**2 + 5*m - 56. Let l(r) = -11*d(r) + 4*v(r). Calculate l(9).
-2
Suppose 46*r + 29 - 121 = 0. Let f be (-4)/8*-1 - 5/r. Let o(i) = -7*i**2 - 6*i - 2. Let n(k